at is the highest common factor of 114872 and 1352168?
1384
Calculate the greatest common divisor of 50760 and 26420.
20
What is the highest common factor of 6648 and 1481640?
24
What is the highest common divisor of 48 and 16901076?
12
Calculate the greatest common divisor of 8938 and 41424022.
82
Calculate the greatest common divisor of 2819166 and 2646.
294
Calculate the highest common factor of 82 and 87291091.
41
What is the greatest common divisor of 3678 and 132138?
6
Calculate the greatest common divisor of 53635 and 1454095.
85
What is the greatest common divisor of 57228878 and 14?
14
What is the greatest common divisor of 2699 and 127128298?
2699
What is the greatest common factor of 44861 and 1207744?
113
What is the highest common divisor of 51256751 and 26?
13
Calculate the highest common divisor of 1051016 and 8216.
632
Calculate the highest common divisor of 1470 and 44682659.
49
What is the greatest common factor of 190111 and 555917?
901
Calculate the highest common factor of 34839 and 172700794.
3871
Calculate the greatest common factor of 18 and 95779872.
18
Calculate the greatest common factor of 127929318 and 34.
34
What is the highest common factor of 116368 and 272?
16
What is the greatest common divisor of 4894283 and 3417?
1139
Calculate the greatest common divisor of 16576656 and 86572.
3764
Calculate the greatest common divisor of 53851639 and 1201.
1201
Calculate the greatest common factor of 56251811 and 3388.
847
Calculate the greatest common factor of 13853378 and 44.
22
Calculate the greatest common divisor of 8 and 12111656.
8
Calculate the highest common divisor of 84 and 5064684.
12
What is the highest common factor of 49 and 66345216?
49
What is the greatest common divisor of 44576 and 22038653?
1393
What is the greatest common divisor of 263830 and 154?
14
What is the greatest common divisor of 485415 and 119930?
335
What is the greatest common divisor of 144 and 10203792?
48
Calculate the highest common factor of 26224 and 9658.
22
What is the greatest common divisor of 17710 and 121680350?
2530
Calculate the highest common factor of 306 and 206050166.
34
Calculate the greatest common factor of 4535895 and 255.
15
What is the greatest common factor of 8 and 46848984?
8
Calculate the greatest common divisor of 13814534 and 4039.
577
Calculate the highest common divisor of 15558612 and 12.
12
What is the greatest common divisor of 92046849 and 265?
53
What is the greatest common divisor of 14 and 14194474?
14
What is the highest common factor of 294 and 16200498?
6
Calculate the highest common divisor of 17482338 and 344.
86
Calculate the greatest common factor of 130 and 35985495.
65
What is the highest common factor of 22 and 675508009?
11
What is the greatest common factor of 317292 and 88587?
579
What is the highest common factor of 4553766 and 63677?
1721
Calculate the highest common divisor of 4929 and 363527.
53
Calculate the highest common factor of 39835759 and 337.
337
What is the highest common divisor of 35155 and 319510?
445
Calculate the highest common factor of 94669928 and 2036.
2036
Calculate the greatest common factor of 30664 and 1928.
8
What is the highest common divisor of 1088 and 124873024?
1088
Calculate the highest common factor of 438 and 801400278.
438
What is the highest common factor of 51 and 87157929?
51
Calculate the highest common factor of 4255972 and 97097.
679
What is the highest common factor of 728 and 143024?
56
Calculate the greatest common factor of 632632480 and 80.
80
What is the highest common divisor of 4732236 and 174924?
1548
What is the greatest common factor of 2580 and 7815680?
860
Calculate the highest common divisor of 1477599 and 6718957.
1681
Calculate the greatest common divisor of 6272228 and 4886.
698
What is the highest common factor of 326301 and 69?
69
Calculate the greatest common factor of 646174 and 218.
2
What is the greatest common factor of 64301595 and 465?
465
What is the greatest common factor of 27 and 3808908?
9
What is the highest common divisor of 279916 and 17108?
364
Calculate the highest common factor of 29196624 and 40908.
5844
Calculate the highest common divisor of 4 and 24670222.
2
Calculate the greatest common divisor of 8722294 and 882.
98
What is the highest common factor of 26311 and 1572435?
83
What is the highest common factor of 52632420 and 1860?
1860
What is the greatest common divisor of 56 and 23210040?
56
Calculate the highest common divisor of 4066 and 412718.
38
What is the highest common factor of 31 and 135449?
1
Calculate the highest common factor of 178813572 and 420.
84
What is the highest common factor of 51 and 397167?
3
Calculate the greatest common divisor of 11 and 43441123.
11
Calculate the greatest common divisor of 47152 and 210.
14
Calculate the greatest common divisor of 85899 and 121353.
57
Calculate the highest common divisor of 25368 and 651504.
168
What is the highest common factor of 106094519 and 142?
71
What is the greatest common factor of 31280 and 2532320?
1360
Calculate the highest common factor of 104 and 16334084.
52
What is the greatest common factor of 41 and 193132427?
41
What is the highest common divisor of 42437376 and 10269?
1467
What is the greatest common divisor of 7903894 and 4?
2
Calculate the greatest common divisor of 151296478 and 12173.
1739
Calculate the greatest common factor of 351247 and 941711.
659
Calculate the highest common factor of 9824 and 816927.
307
Calculate the highest common divisor of 25826 and 23664016.
74
Calculate the highest common factor of 745554 and 9.
3
What is the highest common factor of 11 and 9583860?
11
What is the greatest common divisor of 8 and 1934632?
8
What is the greatest common divisor of 6396 and 1971936?
492
What is the greatest common factor of 8626 and 30609?
19
What is the greatest common divisor of 319434 and 24?
6
What is the highest common factor of 32230996 and 212?
212
What is the greatest common factor of 82658972 and 26532?
2948
What is the greatest common factor of 8788 and 2657356?
676
What is the highest common divisor of 14853739 and 517?
47
Calculate the highest common divisor of 15726591 and 36603.
747
What is the highest common factor of 78255650 and 23804?
11902
What is the highest common divisor of 36 and 436096?
4
What is the highest common divisor of 24651 and 251721?
27
What is the greatest common factor of 173217350 and 654?
218
Calculate the greatest common divisor of 3168378 and 36.
18
What is the greatest common factor of 2662543 and 2834?
1417
Calculate the greatest common divisor of 10759 and 16874723.
1537
What is the highest common factor of 26732628 and 3585?
717
What is the greatest common factor of 68440 and 36934?
118
What is the greatest common divisor of 5332 and 3100558?
2666
What is the greatest common divisor of 36036 and 35838?
198
Calculate the greatest common divisor of 4980 and 1346.
2
What is the greatest common factor of 30397713 and 1044?
87
What is the greatest common divisor of 30 and 5019330?
30
Calculate the greatest common divisor of 443548305 and 139.
139
What is the highest common divisor of 75078 and 5564502?
1746
What is the greatest common factor of 167736 and 107727?
723
Calculate the greatest common factor of 30043980 and 900.
180
What is the greatest common divisor of 200184 and 10572?
12
Calculate the greatest common factor of 27 and 1067463.
9
Calculate the highest common factor of 2374249 and 54519.
1069
What is the highest common factor of 301 and 41014561?
301
What is the greatest common factor of 48025562 and 78?
26
What is the highest common factor of 33 and 2357993?
11
Calculate the greatest common divisor of 120 and 7582695.
15
What is the greatest common divisor of 19586 and 333942?
14
Calculate the greatest common factor of 161103 and 4208088.
1941
What is the greatest common factor of 25 and 232638?
1
Calculate the highest common factor of 31589793 and 6773.
521
Calculate the highest common divisor of 31611 and 20242091.
257
What is the highest common divisor of 417 and 33513?
3
Calculate the greatest common divisor of 756 and 7593852.
84
Calculate the highest common divisor of 12263738 and 138.
46
What is the highest common divisor of 22316 and 1271046833?
